 Let p = a + 2. What is the units digit of p?
0
Let j be (-2 - 2/(-2))*4. What is the units digit of ((-6)/j - 1)*28?
4
What is the units digit of 0 - 84/(-4) - 1?
0
Suppose -27 = -0*c + 3*c. What is the units digit of (30/c)/(4/(-6))?
5
Let d(p) = p**3 - 8*p**2 + 10*p - 9. What is the units digit of d(7)?
2
Let a(u) = -12*u - 12. Let x(m) = m + 1. Let k(f) = 2*a(f) + 22*x(f). What is the tens digit of k(-7)?
1
Suppose 2*h - 2*w - 3 = 5, -3*w = -h. Let c = h + -3. Suppose 0 = -4*r + 4*v + 7 + 5, 0 = c*r - v - 15. What is the units digit of r?
6
Let h(p) = p**3 + 5*p**2 - 7*p - 5. Let n be h(-6). Suppose -c + n = -7. What is the units digit of c?
8
Suppose 2*q = -2*s + 3*s - 8, 5*q + 7 = -4*s. Let v be 1/(s*2/28). Suppose -2*t = 2*n - v*t - 12, 5*t = n - 11. What is the units digit of n?
1
What is the tens digit of -3 - 9/((-9)/98)?
9
Suppose -2*w + 16 = -5*z, -4*w - w + 2*z + 82 = 0. Suppose 53 = 5*c + w. What is the units digit of 3/(2 + c/(-5))?
5
Let q(m) = -8*m. Let o be q(1). Let u = o - -12. What is the units digit of u?
4
Let s be 3/4*(-4)/(-1). Suppose 0 = q - s - 3. What is the units digit of q?
6
Suppose 10*m - 2171 = -791. What is the hundreds digit of m?
1
Let i = 2 - 1. Let y be i/3 - 14/(-3). Suppose -o + 3*k + 4 = y*k, 3*o + 3*k - 12 = 0. What is the units digit of o?
4
Suppose 0 = -20*f + 16*f + 124. What is the units digit of f?
1
Suppose -9*k + 4*k = -505. Suppose -191 = -4*c - y + k, -4*c + 292 = -y. Suppose 3*t + 2*q + 0*q - c = 0, -q - 16 = -t. What is the tens digit of t?
2
Suppose -3*d - 6*d + 1944 = 0. What is the tens digit of d?
1
Suppose 0 = -f + 2*f - 3. Let a(z) = -z**3 + 3*z**2 + 5*z - 2. What is the units digit of a(f)?
3
Suppose 0 = -3*z + 3*k + 21, -k + 0 = 3. Suppose -3*q - z*m = -44, 0*q + 23 = q + 3*m. What is the units digit of q?
8
Suppose -4*g = 3*d - 7 - 3, 2*d + 4 = 0. What is the units digit of g?
4
Let n(m) = -m**2 - m + 11. Let q(a) = a**2 + 8*a. Let z be q(-8). What is the units digit of n(z)?
1
Suppose -2*g + 146 = 3*a + 15, -4*a - 4*g = -168. Let l = -31 + a. What is the tens digit of l?
1
Let j be 18*3*2/9. Suppose 2*s = -4*r + j, -r = -s + 2*r + 11. What is the units digit of s?
8
Suppose -8*f = -7*f. Suppose f = 5*g - 19 - 56. What is the tens digit of g?
1
Suppose 0 = 3*d, d - 24 = -3*g - 4*d. What is the units digit of g?
8
Let z = -2 - -5. Suppose z*a + 4 = 4*a - 4*f, 0 = -3*a - 3*f + 42. What is the tens digit of a?
1
Suppose 0 = w - 4*h - 69, 0 = -4*h + 2 + 10. What is the tens digit of w?
8
Suppose 0 = 5*g + v - 3*v - 32, -16 = -2*g + 4*v. Suppose -3*y + g = -9. What is the units digit of 12*(10/4)/y?
6
Let q be 1 + (-9)/(-2)*2. Suppose -5*v + q*v - 20 = 0. What is the units digit of v?
4
Let y(v) = -v**3 + 8*v**2 + v - 11. Let f be y(8). Let h be (4/12)/(f/18). What is the tens digit of 4/(h/(-8)*1)?
1
Let c = 2 - -2. Suppose -2*o = b - 11 - 5, 0 = -c*b + 4*o + 52. Let z = b - 9. What is the units digit of z?
5
Suppose 2*u = 288 - 70. What is the tens digit of u?
0
Suppose -2*z = 46 - 200. What is the tens digit of z?
7
Suppose 10*h - 876 = 6*h. What is the units digit of h?
9
Let f(m) be the first derivative of -m**4/4 - 2*m**3/3 + m - 4. What is the tens digit of f(-3)?
1
Let w(m) = m - 8. Suppose i + 3*j - 2*j = 12, 0 = -4*i + 5*j + 12. Let f be w(i). Let d = 17 - f. What is the units digit of d?
7
Let b(t) = 3*t - 2. Let s be b(2). What is the tens digit of 30/s*(-1 + 3)?
1
Suppose 4*a + 5*v = -75, 0*v + 100 = -3*a + 5*v. What is the tens digit of 3/(1 - 4)*a?
2
Suppose -3*f + 5*f - 5*t = 0, -3*t - 16 = 2*f. Let b(g) = -3*g - 1. Let j(y) = -7*y - 3. Let m(d) = f*b(d) + 2*j(d). What is the units digit of m(7)?
6
Let f(y) = 4*y - 6. Let v be f(4). Let l = v - 2. What is the units digit of l?
8
Let s = 10 + 11. What is the tens digit of s?
2
Suppose 3*h + 5*o - 233 = 0, h + 2*o + 247 = 4*h. What is the units digit of h?
1
Let c(f) = -f**3 - 6*f**2 - 6*f + 9. What is the units digit of c(-6)?
5
Let h be (-30)/(-10) + 100/(-2). Let d = h + 75. What is the tens digit of d?
2
Suppose -d = -2*f - 283, -5*d + 8*d = 3. Let y = f - -202. What is the tens digit of y?
6
Suppose 6*u - u + 10 = -5*b, -4*u = -3*b + 29. Let x be 5/(u/(-3)) - 3. Suppose -5*z - 2*f = -75, 4*z = -x*z + f + 60. What is the tens digit of z?
1
Suppose -4*v = -12 - 64. Let u = v + -8. What is the tens digit of u?
1
Let g(x) be the third derivative of x**5/60 - 5*x**4/24 + x**3/3 + x**2. Let y be g(5). Suppose -v = y*v - 21. What is the units digit of v?
7
Let p(i) = 2*i**3 - 7*i**2 + 3*i + 4. What is the units digit of p(4)?
2
What is the units digit of 8*(-3)/12*-9?
8
Let k be 14/35 - (-2)/(-5). Let m(o) = o**2 - 2*o + 17. What is the units digit of m(k)?
7
Let d(u) = -u**3 + 2*u**2 + 2. What is the units digit of d(2)?
2
Let l = -18 - 0. Let u = l - -44. What is the tens digit of u?
2
Suppose 4*i = -3*n + i + 120, 75 = 2*n + 3*i. What is the units digit of n?
5
Let c = 14 - 9. Let a = -5 + c. Suppose 5*w - 78 + 3 = a. What is the tens digit of w?
1
Suppose -2*f - 34 - 16 = 0. What is the tens digit of (70/f)/((-2)/30)?
4
Let w = 13 + -8. Suppose w*c - 2*c = 84. Let a = c - 19. What is the units digit of a?
9
Let y(a) = a - 3. Let b be y(3). Suppose 4*o + q - 105 = 6*q, b = 3*q - 9. What is the units digit of o?
0
Let f(s) be the second derivative of s**4/12 - 11*s**3/6 + 11*s**2/2 - 7*s. What is the tens digit of f(12)?
2
Let h be 2/(-10) + (-145)/25. Let n = 4 + h. What is the units digit of (n/(-1))/1 + 2?
4
Suppose -121 = -2*h + 15. What is the units digit of h?
8
Let u(r) be the second derivative of 2*r**5/5 + r**4/12 - r**3/6 - r. Let k be u(1). What is the tens digit of ((-10)/k)/((-4)/48)?
1
Suppose -8*w + 424 = -1192. What is the tens digit of w?
0
Let a = -10 - -18. Let r be a/36 + 4/(-18). What is the units digit of (-1)/(-1) + (r - -11)?
2
Suppose 0*v + 2*v = -8. Suppose 3*m + 4 = 22. Let l = m + v. What is the units digit of l?
2
Let o = 2 - 0. What is the units digit of (1 - o) + 17 - 2?
4
Suppose 5*l - 2*u = 140, l - 5*u + 4 = 9. Suppose -4*n = -2*w + 52, -3*w + 33 + l = -n. What is the tens digit of w?
2
What is the tens digit of (-3)/(-4) + 123/12?
1
Suppose 222 = 3*t - 138. What is the tens digit of t?
2
What is the tens digit of 9/(-6) - (-41)/2?
1
Suppose 4*x - 11 = 1. Suppose -x*h = h - 12. What is the units digit of h?
3
What is the units digit of 15/(-6) + 3 + (-398)/(-4)?
0
Suppose 2*f - 4*i - 1 = 7*f, 0 = -4*f + 5*i + 32. Suppose -39 = -f*p + 12. What is the units digit of p?
7
Suppose -2*o + 3*o - 3*s - 1 = 0, -s - 1 = -o. Let z be 8 - (o - -2 - 0). Suppose -g - 3 = -z*f + g, -4*g + 1 = -3*f. What is the units digit of f?
1
Let h be 8/(-12)*3 - 3. Suppose -3*g + 24 = 5*l, -9 = -2*g + 2*l - 3*l. What is the units digit of (4/g)/(h/(-15))?
4
Suppose 9*w = 10*w + 9. Let c(u) = -5*u + 12. What is the units digit of c(w)?
7
Let r(f) = -f**2 + 5*f - 3. Let w be r(3). Let p(t) = -t - 2. Let q be p(-2). Suppose -i - 6 = i - w*o, q = -o + 4. What is the units digit of i?
3
Suppose -7*v = -10*v + 75. What is the tens digit of v?
2
Let n(v) = -v - 2. Suppose -a = 4*a + 20. Let f be n(a). Suppose -f*b = 4*m - b - 57, 0 = -3*m + 5*b + 60. What is the tens digit of m?
1
Let l(p) = 5*p**2 + p + 2. What is the tens digit of l(-3)?
4
Let y(s) = s + 10. Let b be y(-7). Suppose b*z + 2*q + 3 = -58, 4*q = 2*z + 46. Let w = z - -29. What is the units digit of w?
8
Suppose z - 90 = 5*x, 5*z = -0*x - 3*x + 506. What is the units digit of z?
0
Let j = 918 - 640. What is the units digit of j?
8
Let i(v) = v**3 - 2*v + 3. Let d(s) = s + 7. Let o be d(-3). Suppose o*k = 3*k + 2. What is the units digit of i(k)?
7
Suppose 2*y + 3*u - 37 = 0, 2*y - 17 = 2*u - u. Let v = y + 0. What is the tens digit of v?
1
Suppose 0 = 5*m - u - 547, -3*m + 5*u - u = -335. What is the hundreds digit of m?
1
Let h(l) = 22 + 2*l + 0*l**2 + l**2 - 22. Let x(a) = 3*a**3 - 2*a + 1. Let f be x(1). What is the units digit of h(f)?
8
Suppose -3*v + 4*v - 1 = 0. What is the units digit of v?
1
What is the units digit of (-372)/(-18) - (-2)/(-3)?
0
Let u = -368 + 550. What is the units digit of u?
2
Let b be 9 - 4/(0 + -2). Suppose 4 + b = 5*y, 4*w + 2*y - 98 = 0. What is the units digit of w?
3
Suppose 2*n - 12 = -2*o, 4*o - 3*n = -0*n - 4. Let l